et z be (-1 - 2)*(-80)/c. What is the highest common divisor of 5 and z?
5
Suppose 3*x - 5*s = 78, 2*x - 29 - 4 = -3*s. Let n(z) = -4*z + 3. Let f be n(0). What is the greatest common factor of f and x?
3
Let m be ((-1)/2)/((-2)/12). Suppose -m*o - 7 = -1. Let q be (28/(-6))/(o/6). Calculate the greatest common divisor of 7 and q.
7
Let g be (-3 - -9)/(1/(-1)). Let t(d) = -d**3 - 5*d**2 + 4*d - 2. Let l be t(g). Let b be l + (-1 - (-2 + 1)). What is the greatest common divisor of b and 10?
10
Let r(u) = 6*u**2 + 2*u - 3. Let p be r(2). Suppose -4*i + 5*k = -p, 0 = -2*i - i - 2*k + 13. What is the highest common factor of 45 and i?
5
Let h = 41 - 5. Let b(n) = n - 3. Let u be b(3). Suppose h = 2*k - u*k. Calculate the greatest common factor of k and 45.
9
Suppose -187 = -5*h + 83. Suppose -27 = -5*y + 3. Calculate the greatest common divisor of h and y.
6
Let a = 91 + -52. Suppose 5*z + 4*h = a, -4*h - 27 = z - 2*z. Calculate the highest common divisor of 121 and z.
11
Let d = 0 - -20. What is the greatest common divisor of d and 50?
10
Suppose 3*a = -5*l + 265, 2*l - a - 95 = -0*l. Let d(f) = f**2 + 6*f - 7. Let k be d(3). What is the highest common divisor of k and l?
10
Let f be ((-6)/(-15))/(3/225). What is the highest common divisor of 240 and f?
30
Let k(o) = -86*o + 45*o + 50*o. Suppose 0 = -5*q - 5 + 10. Let m be k(q). Calculate the highest common divisor of m and 54.
9
Suppose 3*x - 11 - 7 = -3*q, 18 = 2*x - q. Let o(w) = 2*w**2 - 12*w + 8. Let j be o(8). Calculate the greatest common factor of j and x.
8
Let o(l) = l + 20. Let z be o(0). Calculate the greatest common divisor of 160 and z.
20
Let t be (-1)/((-1)/4) - 0. Suppose -5*q = t*g - 41, -3*g = -6*g + 12. Let u be ((-1)/1)/((-4)/220). Calculate the greatest common divisor of q and u.
5
Let x be 0 - (-34)/(4/2). Suppose 0 = k - 11. Let h = x + k. Calculate the highest common factor of h and 4.
4
Suppose 101 = -d - 2*g + 5*g, 4*g = -2*d - 222. Let y = d + 28. Let z = 159 + y. Calculate the greatest common divisor of 16 and z.
16
Let n be (-357)/(-17) - (2 + -1). What is the highest common factor of n and 30?
10
Let l(y) = -5*y - 1. Let q be l(-3). Suppose 3*z - f - 234 + 25 = 0, 213 = 3*z + 3*f. Calculate the highest common factor of z and q.
14
Suppose f = 2 + 4. Suppose -f*k + 4*k = -2*z - 50, -4*k - z + 85 = 0. Calculate the greatest common factor of k and 154.
22
Let l = 370 - -53. What is the highest common factor of 47 and l?
47
Let o = -3 + 3. Let l(a) = -a**3 - a + 1. Let d be l(o). Let p(q) = 2*q**2 + 3*q + 1. Let y be p(-2). What is the highest common divisor of d and y?
1
Let k = -5 + 3. Let s be (-119)/(-7) + 2/k. Calculate the greatest common factor of s and 16.
16
Suppose -6*z = -8*z + 168. Calculate the greatest common divisor of 21 and z.
21
Let d = 530 + -235. Let f(k) = 133*k. Let w be f(1). Let u = d - w. What is the greatest common factor of u and 18?
18
Let j = 19 + -4. What is the greatest common factor of 45 and j?
15
Let w(l) = l**2 + 3*l - 28. Let b be w(-8). Let f(v) = v + 12. Let i be f(0). Calculate the greatest common divisor of i and b.
12
Let j(k) = 6*k + 1. Let d be j(4). Let i(v) = -9*v - 6. Let c be i(-9). What is the highest common factor of d and c?
25
Suppose 3*r + 11 - 43 = v, 5 = 5*v. Calculate the highest common divisor of r and 121.
11
Suppose -10*q + 12*q - 390 = 0. Calculate the highest common factor of 39 and q.
39
Suppose -2*p = 2*p - 24. Let n(j) = -j**3 + 6*j**2 + 7*j + 7. Let z be n(p). Suppose -z = -3*h - 1. Calculate the greatest common divisor of h and 80.
16
Let t be 0 + 13 + 11 + -13. Let d be (t/(-1))/((-3)/27). What is the greatest common divisor of 9 and d?
9
Suppose x = 35 + 15. What is the highest common divisor of x and 10?
10
Let b be 21/12 + 1/4. Suppose 5*m + 3 = 2*m - 3*j, b*j + 8 = 4*m. Suppose 20*t + 12 = 152. What is the highest common divisor of t and m?
1
Suppose -w + 20 = -4*r, 5*w = -5*r + 152 + 48. Calculate the highest common divisor of w and 2.
2
Let l = -10 - -1. Let u = l + 12. Suppose 176 = u*a + a. What is the highest common divisor of a and 4?
4
Let j be 56/2 - (-7 + 8). Let m(y) = -y + 9. Let u be m(6). Suppose 3*x - 4*k = 50, -u*x + k + 43 = -10. Calculate the highest common divisor of x and j.
9
Let r = 255 - -49. What is the highest common divisor of r and 38?
38
Let a = -14 - -47. Calculate the greatest common divisor of a and 3.
3
Suppose -2*h = -4*r - 132, -2*h = -2*r - 0*r - 70. Let g = 26 - r. What is the greatest common factor of 38 and g?
19
Let p(s) = -s**3 - 7*s**2 + 9*s + 6. Let b be p(-8). Let y be b/4*34/(-1). Let x be (16/(-1))/((-2)/17). Calculate the greatest common factor of x and y.
17
Let z(v) = -2*v - 6. Let r be z(-10). Suppose -4*b - 4*x + 8 = 0, -5*x - r = -5*b + 6. Calculate the highest common factor of b and 3.
3
Suppose -m = -2*h + 381, -3*h + 5*m + 564 = m. Suppose h = 6*q - 3*q. What is the highest common divisor of q and 8?
8
Let r = 40 + -7. Calculate the highest common divisor of 33 and r.
33
Let m = 31 + -63. Let x = -20 - m. Let l = -140 + 248. What is the highest common divisor of x and l?
12
Let w(m) be the first derivative of -55*m**2/2 - m + 1. Let f be w(-1). Calculate the greatest common divisor of 18 and f.
18
Let y = 145 - 353. Let z = -98 - y. Calculate the highest common factor of 22 and z.
22
Let t be 15*2/(-18)*-3. Suppose 3*g = -5*a + 2 + 21, t*g = -5*a + 35. Let u be (-16)/g*(-15)/4. What is the highest common divisor of 30 and u?
10
Suppose -2*p - f + 23 = -0*f, 0 = -3*p - 2*f + 37. What is the greatest common divisor of p and 63?
9
Suppose -2*z + 13 = -5*f, -2*z + 0*z + 4*f = -18. Let k = 5 + -2. Suppose g - 5*v - 82 = 90, 436 = k*g + 5*v. What is the highest common factor of z and g?
19
Let d be (11/(-2))/((-3)/18). Let x = -1 + 3. Let g = x - -1. Calculate the highest common factor of g and d.
3
Let o(x) = x**2 - 12*x + 11. Let l be o(11). Suppose 24 = -l*j + 3*j. What is the highest common factor of j and 72?
8
Suppose -c - 5*b + 0 - 1 = 0, -2*c + b = -9. What is the greatest common divisor of c and 2?
2
Let w be (24/20)/((-6)/(-860)). Suppose 4*f - 2*d = 134, 5*f - w = d - 3*d. What is the highest common factor of 102 and f?
34
Let y = 139 + 169. What is the greatest common divisor of y and 44?
44
Let i = 7 + -2. Suppose -5*k = -3*g + 36, -i*g - 3*k = -16 - 10. What is the greatest common divisor of g and 28?
7
Suppose 0 = -6*d + 2*d + 4*z + 388, 0 = -d - 2*z + 106. Calculate the highest common factor of 20 and d.
20
Let r(w) be the first derivative of w**2/2 + 64*w + 1. Let a be r(0). What is the highest common factor of a and 16?
16
Let y = -8 - -10. Suppose -2*h + 212 = 2*z, 4*h + 448 = 8*h - y*z. Calculate the highest common factor of 10 and h.
10
Let d(a) = -2*a**2 + a - 8. Let v be d(-6). Suppose 206 = 2*r - 76. Let c = v + r. What is the highest common divisor of c and 11?
11
Let i(k) = k**2 - 5*k - 3. Let p be i(5). Let h = p - -3. Suppose h = -x - 2 + 3. Calculate the greatest common divisor of 3 and x.
1
Suppose 2*g = -38 + 158. What is the greatest common divisor of g and 20?
20
Let s(i) = 5*i**2 - 4*i + 2. Let n be s(2). Let w(q) = -q**2 + 4*q + 19. Let v be w(6). What is the greatest common divisor of v and n?
7
Let h(r) = -r**3 + 4*r**2 + 4*r + 13. Let j be h(-3). What is the greatest common factor of j and 16?
16
Suppose 8*w + 15 = 3*w. Let i be w/6 - (-39)/2. What is the highest common factor of 19 and i?
19
Suppose -3*l - 4*o = -16 - 27, -3*l + 41 = 5*o. What is the highest common factor of l and 68?
17
Let o = 7 + -4. Suppose z = b + 1, -5*z = -4*b - 7 - 3. Calculate the greatest common factor of o and z.
3
Let t = -9 - -5. Let l(u) = -u**3 + 3*u**2 - 4*u - 3. Let b be l(t). What is the greatest common factor of b and 50?
25
Let a = 18 + -2. What is the highest common divisor of a and 56?
8
Let a(m) = 2*m**2 + 6*m + 5. Let r be a(-4). What is the highest common factor of 247 and r?
13
Let p(h) = 6*h**2 + 1. Let o be p(-1). Let j = 3 + o. What is the highest common divisor of j and 30?
10
Let p(b) = 5*b + 29. Let m be p(14). What is the highest common factor of m and 22?
11
Suppose -2*i + 21 + 27 = 0. Let h(w) = 3*w**2 - w + 1. Let t be h(1). What is the highest common factor of t and i?
3
Suppose -170 = -10*c + 5*c. Let n(p) =